{"id":41,"date":"2014-04-01T10:16:04","date_gmt":"2014-04-01T08:16:04","guid":{"rendered":"http:\/\/eller.pagepeppers.de\/?page_id=41"},"modified":"2019-03-05T22:54:26","modified_gmt":"2019-03-05T20:54:26","slug":"tv","status":"publish","type":"page","link":"http:\/\/ellermedia.de\/de\/tv","title":{"rendered":"TV"},"content":{"rendered":"<p>Ein perfekt abgestimmtes Zusammenspiel zwischen Bild und Ton, mit tragendem Inhalt. Das ist mein Ziel bei jedem TV-Beitrag, den ich abliefere. Informationen, sch\u00f6ne Bilder, Interviews, Ton und Musik sind meine Zutaten.<\/p>\n<p><a href=\"http:\/\/ellermedia.de\/se\/wp-content\/uploads\/sites\/3\/tv1.jpg\"><img loading=\"lazy\" decoding=\"async\" class=\"alignnone size-full wp-image-139\" src=\"http:\/\/ellermedia.de\/se\/wp-content\/uploads\/sites\/3\/tv1.jpg\" alt=\"tv1\" width=\"1000\" height=\"922\" \/><\/a><br \/>\n<em>Livebericht f\u00fcrs Schwedische Fernsehen (SVT) \u00fcber den NSU-Prozess in M\u00fcnchen<\/em><\/p>\n<p>Mit Hilfe von \u00f6rtlichen EB-Teams in verschiedenen St\u00e4dten Deutschlands nehme ich auf, um dann mit einem Cutter zu schneiden und meinen Sprechertext hinzu zu f\u00fcgen.<\/p>\n<p>Einfachere Beitr\u00e4ge kann ich auch als Videojournalistin produzieren, daf\u00fcr habe ich einen Zusatzkurs belegt. Ich habe auch einen Kurs f\u00fcr Bildregie in Stockholm, und einen Kurs in Filmwissenschaften an der Universit\u00e4t Erlangen-N\u00fcrnberg besucht.<\/p>\n<p>In den letzten Jahren habe ich haupts\u00e4chlich Beitr\u00e4ge f\u00fcr das \u00f6ffentlich-rechtliche Schwedische Fernsehen gedreht. Ein paar Nachrichtenbeitr\u00e4ge f\u00fcr n-tv und eine deutschen Internetfirma waren auch dabei.<\/p>\n<p>Meine letzte Stelle in Schweden, vor dem Umzug nach Deutschland, war beim Schwedischen Fernsehen in Ume\u00e5 in Nordschweden. F\u00fcr ein Jahr arbeitete ich als Reporterin bei der Verbrauchersendung Plus (\u00e4hnlich wie Plusminus) und als Redakteurin und Reporterin f\u00fcr die Nachrichtensendung.<\/p>\n<p>Danach war ich Vertretungsweise in der Hauptredaktion in Stockholm,<span style=\"font-family: Arial;\"> im Auslandsressort.<\/span><\/p>\n<p><a href=\"http:\/\/ellermedia.de\/se\/wp-content\/uploads\/sites\/3\/tv2.jpg\"><img loading=\"lazy\" decoding=\"async\" class=\"alignnone size-medium wp-image-138\" src=\"http:\/\/ellermedia.de\/se\/wp-content\/uploads\/sites\/3\/tv2-272x204.jpg\" alt=\"tv2\" width=\"272\" height=\"204\" \/><\/a>\u00a0\u00a0\u00a0<a href=\"http:\/\/ellermedia.de\/se\/wp-content\/uploads\/sites\/3\/tv3.jpg\"><img loading=\"lazy\" decoding=\"async\" class=\"alignnone size-medium wp-image-140\" src=\"http:\/\/ellermedia.de\/se\/wp-content\/uploads\/sites\/3\/tv3-272x204.jpg\" alt=\"tv3\" width=\"272\" height=\"204\" \/><\/a><\/p>\n","protected":false},"excerpt":{"rendered":"<p>Ein perfekt abgestimmtes Zusammenspiel zwischen Bild und Ton, mit tragendem Inhalt. Das ist mein Ziel bei jedem TV-Beitrag, den ich abliefere. Informationen, sch\u00f6ne Bilder, Interviews, Ton und Musik sind meine Zutaten. Livebericht f\u00fcrs Schwedische Fernsehen (SVT) \u00fcber den NSU-Prozess in &hellip; <a href=\"http:\/\/ellermedia.de\/de\/tv\">Weiterlesen <span class=\"meta-nav\">&rarr;<\/span><\/a><\/p>\n","protected":false},"author":1,"featured_media":122,"parent":0,"menu_order":0,"comment_status":"open","ping_status":"open","template":"sidebar-page.php","meta":{"footnotes":""},"class_list":["post-41","page","type-page","status-publish","has-post-thumbnail","hentry"],"_links":{"self":[{"href":"http:\/\/ellermedia.de\/de\/wp-json\/wp\/v2\/pages\/41","targetHints":{"allow":["GET"]}}],"collection":[{"href":"http:\/\/ellermedia.de\/de\/wp-json\/wp\/v2\/pages"}],"about":[{"href":"http:\/\/ellermedia.de\/de\/wp-json\/wp\/v2\/types\/page"}],"author":[{"embeddable":true,"href":"http:\/\/ellermedia.de\/de\/wp-json\/wp\/v2\/users\/1"}],"replies":[{"embeddable":true,"href":"http:\/\/ellermedia.de\/de\/wp-json\/wp\/v2\/comments?post=41"}],"version-history":[{"count":3,"href":"http:\/\/ellermedia.de\/de\/wp-json\/wp\/v2\/pages\/41\/revisions"}],"predecessor-version":[{"id":124,"href":"http:\/\/ellermedia.de\/de\/wp-json\/wp\/v2\/pages\/41\/revisions\/124"}],"wp:featuredmedia":[{"embeddable":true,"href":"http:\/\/ellermedia.de\/de\/wp-json\/wp\/v2\/media\/122"}],"wp:attachment":[{"href":"http:\/\/ellermedia.de\/de\/wp-json\/wp\/v2\/media?parent=41"}],"curies":[{"name":"wp","href":"https:\/\/api.w.org\/{rel}","templated":true}]}}

<p>Ein perfekt abgestimmtes Zusammenspiel zwischen Bild und Ton, mit tragendem Inhalt. Das ist mein Ziel bei jedem TV-Beitrag, den ich abliefere. Informationen, schöne Bilder, Interviews, Ton und Musik sind meine Zutaten.</p>
<p><a href="http://ellermedia.de/se/wp-content/uploads/sites/3/tv1.jpg"><img loading="lazy" decoding="async" class="alignnone size-full wp-image-139" src="http://ellermedia.de/se/wp-content/uploads/sites/3/tv1.jpg" alt="tv1" width="1000" height="922" /></a><br />
<em>Livebericht fürs Schwedische Fernsehen (SVT) über den NSU-Prozess in München</em></p>
<p>Mit Hilfe von örtlichen EB-Teams in verschiedenen Städten Deutschlands nehme ich auf, um dann mit einem Cutter zu schneiden und meinen Sprechertext hinzu zu fügen.</p>
<p>Einfachere Beiträge kann ich auch als Videojournalistin produzieren, dafür habe ich einen Zusatzkurs belegt. Ich habe auch einen Kurs für Bildregie in Stockholm, und einen Kurs in Filmwissenschaften an der Universität Erlangen-Nürnberg besucht.</p>
<p>In den letzten Jahren habe ich hauptsächlich Beiträge für das öffentlich-rechtliche Schwedische Fernsehen gedreht. Ein paar Nachrichtenbeiträge für n-tv und eine deutschen Internetfirma waren auch dabei.</p>
<p>Meine letzte Stelle in Schweden, vor dem Umzug nach Deutschland, war beim Schwedischen Fernsehen in Umeå in Nordschweden. Für ein Jahr arbeitete ich als Reporterin bei der Verbrauchersendung Plus (ähnlich wie Plusminus) und als Redakteurin und Reporterin für die Nachrichtensendung.</p>
<p>Danach war ich Vertretungsweise in der Hauptredaktion in Stockholm,<span style="font-family: Arial;"> im Auslandsressort.</span></p>
<p><a href="http://ellermedia.de/se/wp-content/uploads/sites/3/tv2.jpg"><img loading="lazy" decoding="async" class="alignnone size-medium wp-image-138" src="http://ellermedia.de/se/wp-content/uploads/sites/3/tv2-272x204.jpg" alt="tv2" width="272" height="204" /></a>   <a href="http://ellermedia.de/se/wp-content/uploads/sites/3/tv3.jpg"><img loading="lazy" decoding="async" class="alignnone size-medium wp-image-140" src="http://ellermedia.de/se/wp-content/uploads/sites/3/tv3-272x204.jpg" alt="tv3" width="272" height="204" /></a></p>

<p>Ein perfekt abgestimmtes Zusammenspiel zwischen Bild und Ton, mit tragendem Inhalt. Das ist mein Ziel bei jedem TV-Beitrag, den ich abliefere. Informationen, schöne Bilder, Interviews, Ton und Musik sind meine Zutaten. Livebericht fürs Schwedische Fernsehen (SVT) über den NSU-Prozess in &hellip; <a href="http://ellermedia.de/de/tv">Weiterlesen <span class="meta-nav">&rarr;</span></a></p>
